s 45588452 a multiple of 7?
True
Is 6 a factor of 14416200?
True
Does 85 divide 9572445?
True
Does 206 divide 98453260?
False
Does 418 divide 198434081?
False
Does 3312 divide 2226214993?
False
Is 151 a factor of 62326417?
False
Is 9041540 a multiple of 90?
False
Is 8352988 a multiple of 5?
False
Is 223060032 a multiple of 16?
True
Is 9745652 a multiple of 148?
True
Is 30147257 a multiple of 47?
True
Does 7 divide 15926813?
True
Is 12 a factor of 117267505?
False
Does 45 divide 36802620?
True
Is 62 a factor of 453767579?
False
Does 11 divide 1963091889?
True
Is 359 a factor of 99033022?
True
Is 5 a factor of 59714670?
True
Is 970 a factor of 11530390?
True
Is 1659225215 a multiple of 4695?
False
Is 213 a factor of 1378167315?
False
Is 6069072 a multiple of 24?
True
Does 2133 divide 239459112?
True
Is 29645853 a multiple of 304?
False
Is 1795454614 a multiple of 601?
False
Does 930 divide 132394601?
False
Is 114662506 a multiple of 11?
False
Does 122 divide 632379436?
True
Is 219 a factor of 279655743?
False
Is 646707355 a multiple of 3815?
True
Is 300478572 a multiple of 15?
False
Is 497 a factor of 172787289?
False
Is 484038765 a multiple of 9?
True
Is 771427587 a multiple of 1109?
False
Is 7256680 a multiple of 860?
True
Is 72 a factor of 1967123154?
False
Is 5 a factor of 65407129?
False
Is 2928343753 a multiple of 25?
False
Does 413 divide 7201481?
True
Does 47 divide 137323083?
False
Does 357 divide 34839650?
False
Is 160 a factor of 28458837?
False
Does 1684 divide 4331248?
True
Is 458 a factor of 32473559?
False
Is 37989784 a multiple of 3?
False
Does 66 divide 495733788?
True
Does 125 divide 12291125?
True
Is 895 a factor of 36893690?
True
Is 468 a factor of 2156469356?
False
Does 153 divide 7433385?
False
Is 327163312 a multiple of 6703?
False
Does 2430 divide 2618252379?
False
Is 1269165780 a multiple of 27?
True
Is 600 a factor of 402740402?
False
Is 24 a factor of 255445128?
True
Does 1131 divide 69749901?
True
Is 15 a factor of 3093441?
False
Does 27 divide 522207?
True
Is 151236119 a multiple of 4?
False
Is 140543019 a multiple of 1539?
True
Is 604907215 a multiple of 197?
True
Does 75 divide 10359849?
False
Does 98 divide 178038658?
True
Does 25 divide 9548535?
False
Is 910023485 a multiple of 1699?
False
Is 516763618 a multiple of 9?
False
Does 88 divide 125529711?
False
Is 1253785740 a multiple of 268?
True
Does 2383 divide 122126367?
True
Is 1592954631 a multiple of 3183?
True
Is 46297158 a multiple of 2586?
True
Is 4621 a factor of 141131003?
False
Is 4139 a factor of 310751981?
True
Is 558372167 a multiple of 167?
False
Does 2902 divide 224839877?
False
Does 2919 divide 38130887?
False
Is 7 a factor of 81410119?
True
Is 15 a factor of 249638000?
False
Does 3258 divide 100854648?
True
Is 276611973 a multiple of 587?
False
Is 59 a factor of 106595432?
False
Does 12 divide 61403376?
True
Is 146 a factor of 87196456?
True
Is 33559932 a multiple of 280?
False
Is 344 a factor of 140912376?
True
Is 87628510 a multiple of 89?
True
Is 205 a factor of 248177715?
True
Is 1540779181 a multiple of 107?
False
Is 790649430 a multiple of 17?
True
Does 1252 divide 49549152?
True
Is 7420353 a multiple of 8?
False
Does 2 divide 8461842?
True
Does 2132 divide 4166322420?
True
Is 16 a factor of 67008049?
False
Is 1146062928 a multiple of 8?
True
Is 1268 a factor of 799697168?
True
Does 1845 divide 2901042945?
True
Is 1054 a factor of 25332051?
False
Is 137 a factor of 988851278?
False
Is 17 a factor of 2547909704?
False
Is 150396225 a multiple of 400?
False
Is 338 a factor of 816772827?
False
Is 78 a factor of 14019798?
True
Is 29527069 a multiple of 13?
True
Is 11 a factor of 49651268?
False
Is 126 a factor of 5314641318?
True
Is 21775402 a multiple of 253?
False
Does 11 divide 24097070?
False
Is 6182610 a multiple of 35?
True
Does 4 divide 35738487?
False
Does 10 divide 69643021?
False
Is 3144170 a multiple of 10?
True
Does 1483 divide 802238107?
False
Does 796 divide 82581816?
True
Is 472159404 a multiple of 53?
True
Is 1601924040 a multiple of 5220?
True
Does 21 divide 35772006?
False
Does 758 divide 68687686?
True
Is 858521867 a multiple of 696?
False
Does 1026 divide 6663870?
True
Is 513614626 a multiple of 2173?
True
Does 5553 divide 32984820?
True
Does 7816 divide 1890385576?
True
Is 706346596 a multiple of 4786?
True
Is 284 a factor of 74361424?
True
Is 865 a factor of 82241326?
False
Does 43 divide 104074491?
True
Is 174177940 a multiple of 2?
True
Is 216 a factor of 735048?
True
Is 6052165 a multiple of 314?
False
Is 738 a factor of 12785384?
False
Does 10 divide 26264840?
True
Is 397155 a multiple of 2739?
True
Is 298045000 a multiple of 50?
True
Is 301 a factor of 251405434?
True
Is 17789036 a multiple of 4?
True
Is 252522072 a multiple of 41?
False
Does 69 divide 134315078?
False
Is 804398112 a multiple of 288?
True
Is 17 a factor of 624623605?
True
Is 87956660 a multiple of 838?
False
Does 451 divide 990878032?
False
Does 349 divide 2209829610?
True
Is 4 a factor of 16538810?
False
Does 539 divide 14790160?
True
Is 11155810 a multiple of 3652?
False
Is 23 a factor of 25513984?
False
Is 4951 a factor of 171037246?
True
Is 5017361 a multiple of 214?
False
Is 229850355 a multiple of 955?
True
Does 31 divide 13295373?
True
Is 114 a factor of 1839408807?
False
Is 78 a factor of 1642368?
True
Is 207 a factor of 43029090?
True
Does 86 divide 178018194?
True
Does 182 divide 11340483?
False
Is 501 a factor of 181704364?
False
Does 115 divide 1899412804?
False
Does 8759 divide 573565479?
False
Is 6090976 a multiple of 8?
True
Is 113 a factor of 214671405?
False
Does 502 divide 121868926?
False
Is 95 a factor of 51348925?
True
Is 108 a factor of 25043144?
False
Is 1741755499 a multiple of 3617?
True
Does 10 divide 432330420?
True
Is 115031339 a multiple of 7?
False
Does 298 divide 2210454336?
True
Is 4933 a factor of 6087277603?
True
Is 49085670 a multiple of 1566?
False
Is 121 a factor of 155037300?
True
Is 3483 a factor of 352764481?
False
Is 660945601 a multiple of 32?
False
Is 9083550 a multiple of 10?
True
Does 67 divide 222725889?
True
Is 364785490 a multiple of 170?
True
Does 679 divide 149727479?
False
Is 60579748 a multiple of 102?
False
Is 1746930256 a multiple of 1049?
False
Does 6838 divide 1744223364?
True
Does 1639 divide 389113390?
False
Is 251 a factor of 282069533?
True
Is 34 a factor of 16081893?
False
Is 93613279 a multiple of 36?
False
Is 29 a factor of 3812775?
True
Does 36 divide 1496772894?
False
Does 160 divide 401403118?
False
Does 826 divide 26456160?
False
Is 56639611 a multiple of 195?
False
Does 2870 divide 543265170?
True
Does 222 divide 81753942?
True
Does 29 divide 1268150882?
False
Does 739 divide 24658952?
True
Is 64 a factor of 34141720?
False
Does 130 divide 17370210?
True
Is 3068178960 a multiple of 105?
True
Does 857 divide 329420867?
False
Is 19 a factor of 300782455?
False
Is 2164974916 a multiple of 36?
False
Does 67 divide 603340293?
True
Is 68380608 a multiple of 696?
True
Is 106938487 a multiple of 56?
False
Does 122 divide 1852082?
True
Is 335657898 a multiple of 170?
False
Does 5 divide 35719600?
True
Is 143719324 a multiple of 2896?
False
Is 7333216 a multiple of 176?
True
Is 727975310 a multiple of 465?
False
Is 2421613 a multiple of 773?
False
Does 126 divide 237413184?
False
Does 973 divide 43129198?
True
Is 453217764 a multiple of 129?
True
Does 14 divide 15134371?
False
Is 40414107 a multiple of 331?
True
Is 11 a factor of 57503748?
False
Is 104 a factor of 49030696?
True
Is 49307407 a multiple of 1087?
True
Is 3 a factor of 508981?
False
Does 9 divide 21246498?
True
Is 2 a factor of 86953163?
False
Is 255 a factor of 3531425?
False
Is 7 a factor of 13219885?
True
Does 21 divide 1604468119?
False
Does 24 divide 512868730?
False
Is 2102221972 a multiple of 31?
True
Is 179341929 a multiple of 13?
True
Is 682749059 a multiple of 29?
True
Does 1652 divide 24376?
False
Is 1907376063 a multiple of 4649?
False
Is 615 a factor of 145894605?
True
Is 41090684 a multiple of 167?
True
Is 2150 a factor of 24950750?
True
Is 37158264 a multiple of 44?
True
Does 8665 divide 2419135353?
False
Is 20 a factor of 628195945?
False
Is 127187294 a multiple of 122?
False
Is 13 a factor of 58461481?
True
Is 5